s 2439559 a composite number?
True
Is 8626729 prime?
False
Is 7895869 prime?
False
Is 315692593 a composite number?
False
Is 506259917 prime?
True
Is 1432189 composite?
True
Is 2304671 a composite number?
True
Is 13003547 prime?
True
Is 128778997 composite?
True
Is 243756269 a prime number?
True
Is 3362721 prime?
False
Is 1021643 prime?
False
Is 56622983 prime?
False
Is 26153297 a prime number?
True
Is 21871345 a composite number?
True
Is 128655451 a prime number?
True
Is 3196099 a composite number?
False
Is 1973999 composite?
False
Is 14568781 a composite number?
True
Is 450635 composite?
True
Is 528947 prime?
True
Is 3428471 prime?
True
Is 125439115 a composite number?
True
Is 9781543 composite?
True
Is 6387677 a composite number?
True
Is 2076839 prime?
False
Is 29873407 a composite number?
False
Is 735289783 a composite number?
True
Is 12657103 a composite number?
True
Is 161220091 prime?
False
Is 4031369 a prime number?
True
Is 13639195 prime?
False
Is 236573 a prime number?
True
Is 24050891 a prime number?
True
Is 32825413 a prime number?
True
Is 543499 composite?
True
Is 161683534 a prime number?
False
Is 3481193 prime?
True
Is 686761 composite?
False
Is 6483329 a prime number?
False
Is 12646451 prime?
False
Is 719317 prime?
False
Is 3122999 a prime number?
False
Is 8572357 prime?
False
Is 3038474 a prime number?
False
Is 7674861 prime?
False
Is 7744933 a prime number?
False
Is 17598253 prime?
False
Is 1180128169 a prime number?
False
Is 38434301 a prime number?
True
Is 79928249 prime?
False
Is 234499 a composite number?
False
Is 233317 a prime number?
False
Is 26508479 prime?
True
Is 13184285 composite?
True
Is 311372177 composite?
False
Is 1489351 a composite number?
False
Is 37194985 prime?
False
Is 6087763 a composite number?
True
Is 103943755 composite?
True
Is 367357 a prime number?
True
Is 5503951 a composite number?
False
Is 886901 prime?
False
Is 1442159 a prime number?
True
Is 773557153 a prime number?
True
Is 22825547 a composite number?
False
Is 27214199 a prime number?
True
Is 99064643 a prime number?
True
Is 138613 composite?
True
Is 9195159 composite?
True
Is 43334909 composite?
True
Is 177095 prime?
False
Is 146147363 a composite number?
True
Is 111797 a prime number?
False
Is 127577873 a composite number?
True
Is 132778979 prime?
True
Is 1113401 a composite number?
False
Is 84156781 composite?
True
Is 53497726 prime?
False
Is 6249191 composite?
True
Is 171733067 a composite number?
True
Is 6402203 composite?
False
Is 8845867 a prime number?
False
Is 511680019 composite?
True
Is 228248747 prime?
False
Is 3615847 prime?
True
Is 6172357 prime?
False
Is 1408231 composite?
True
Is 978307 composite?
True
Is 2060021 a composite number?
False
Is 9599117 composite?
True
Is 23837779 prime?
False
Is 712109 a prime number?
True
Is 9398117 composite?
True
Is 365543879 a composite number?
False
Is 39774233 prime?
True
Is 6718031 prime?
True
Is 113129213 prime?
True
Is 3717149 a prime number?
True
Is 328439 prime?
True
Is 12607129 a prime number?
True
Is 14095847 composite?
True
Is 456693665 composite?
True
Is 354306017 a composite number?
True
Is 375860339 a prime number?
True
Is 1246181 composite?
False
Is 70782449 a prime number?
False
Is 5887073 composite?
True
Is 41202431 prime?
False
Is 54445445 composite?
True
Is 1789343 a composite number?
False
Is 579399 composite?
True
Is 53948131 prime?
True
Is 23243119 composite?
False
Is 238660883 a prime number?
True
Is 4380847 a composite number?
True
Is 123536047 composite?
False
Is 22613033 composite?
True
Is 217881199 prime?
False
Is 5283263 prime?
True
Is 16664981 prime?
False
Is 135696277 composite?
True
Is 1016458967 prime?
True
Is 4888019 a composite number?
True
Is 11290303 a composite number?
False
Is 1228301 a prime number?
False
Is 38567723 a prime number?
True
Is 12289757 a composite number?
False
Is 3354929 prime?
True
Is 1286934299 a composite number?
True
Is 2729227 composite?
False
Is 2026127 a composite number?
True
Is 13317821 a composite number?
True
Is 81399446 a composite number?
True
Is 2426191 composite?
True
Is 60333319 a prime number?
False
Is 2372623 a composite number?
True
Is 68062377 prime?
False
Is 2056573 prime?
True
Is 599927 a composite number?
False
Is 13374763 a composite number?
True
Is 21162818 a composite number?
True
Is 247249673 a composite number?
True
Is 2710511 composite?
True
Is 30567967 prime?
False
Is 138053 a composite number?
False
Is 22526963 composite?
False
Is 177301 a composite number?
False
Is 6312211 composite?
True
Is 777390923 a composite number?
True
Is 2188831 prime?
True
Is 3872153 prime?
True
Is 696277 a composite number?
True
Is 37311179 a prime number?
True
Is 106072157 prime?
True
Is 22848659 a prime number?
False
Is 14015249 composite?
True
Is 363658039 prime?
True
Is 61283 composite?
False
Is 69916663 a prime number?
True
Is 32426327 a prime number?
False
Is 2639077 a prime number?
False
Is 7146507 composite?
True
Is 18727459 a composite number?
False
Is 25730407 prime?
True
Is 18885599 prime?
False
Is 27183647 prime?
False
Is 72231253 prime?
True
Is 8735249 prime?
True
Is 52064837 a composite number?
True
Is 1288291 a prime number?
True
Is 162230641 composite?
True
Is 2231707 a prime number?
True
Is 2455534817 prime?
True
Is 4430689 a composite number?
False
Is 3108779 composite?
False
Is 19050583 composite?
False
Is 1011455 a composite number?
True
Is 7727989 prime?
True
Is 13925927 a prime number?
True
Is 44344183 prime?
False
Is 1165489 a prime number?
False
Is 10713337 prime?
False
Is 63903899 a composite number?
True
Is 229166741 a prime number?
True
Is 698323 a composite number?
True
Is 2025401 composite?
True
Is 67392673 a prime number?
True
Is 2146961 a prime number?
False
Is 461597171 a prime number?
False
Is 103777859 a prime number?
False
Is 8636473 a prime number?
True
Is 1637619 a composite number?
True
Is 1067441 prime?
True
Is 156029 prime?
False
Is 61373287 prime?
False
Is 17912891 composite?
True
Is 447487993 prime?
True
Is 21909631 composite?
False
Is 12101357 a prime number?
True
Is 1303903 composite?
False
Is 14631553 prime?
True
Is 898837 a composite number?
True
Is 7548571 composite?
False
Is 1742781 a prime number?
False
Is 129071 a prime number?
False
Is 8019017 a prime number?
False
Is 9673577 a prime number?
False
Is 122694493 a prime number?
True
Is 2204029 composite?
True
Is 42399061 prime?
True
Is 512317459 composite?
False
Is 9783523 prime?
False
Is 62565259 a composite number?
False
Is 204735139 a prime number?
False
Is 27259339 prime?
True
Is 5309477 a prime number?
True
Is 6797607 prime?
False
Is 53262049 composite?
False
Is 5345999 prime?
True
Is 6234313 a composite number?
True
Is 7784303 a composite number?
False
Is 356241 a composite number?
True
Is 145349 a composite number?
False
Is 2297819 composite?
False
Is 79794007 prime?
True
Is 8284579 a prime number?
True
Is 1027991 a composite number?
True
Is 45045173 a prime number?
False
Is 5042091 prime?
False
Is 456947483 a composite number?
True
Is 12358517 prime?
True
Is 270168874 composite?
True
Is 140923487 a prime number?
False
Is 20795189 a prime number?
False
Is 5553361 a composite number?
True
Is 1263631 a prime number?
True
Is 13361597 a composite number?
True
Is 2285341 a prime number?
False
Is 202777343 a composite number?
True
Is 1410961 prime?
True
Is 15573617 a prime number?
True
Is 3906467 a composite number?
False
Is 113507243 prime?
False
Is 64260353 a composite number?
False
Is 143134499 a prime number?
True
Is 8149737 a composite number?
True
Is 193254819 composite?
True
Is 1525558 a prime number?
False
Is 4946091 composite?
True
Is 140331449 a composite number?
True
Is 3089027 composite?
False
Is 58712051 a composite number?
False
Is 8913403 composite?
False
Is 312523 composite?
True
Is 44762395 a composite number?
True
Is 48866179 prime?
False
Is 5622559 prime?
True
Is 804967 composite?
True
Is 161476339 a composite number?
False
Is 8071951 a prime number?
False
Is 21662189 prime?
True
Is 4953101 prime?
True
Is 6562553 composite?
False
Is 23099 composite?
False
Is 37215379 a composite number?
False
Is 8153731 composite?
False
Is 63650101 a composite number?
True
Is 10282073 a composite number?
False
Is 173720777 a